{"id":1127,"date":"2025-10-20T10:00:31","date_gmt":"2025-10-20T13:00:31","guid":{"rendered":"https:\/\/www.sanatoriosanjorge.com.ar\/wordpress\/?page_id=1127"},"modified":"2025-10-20T10:00:34","modified_gmt":"2025-10-20T13:00:34","slug":"obras-sociales-osef","status":"publish","type":"page","link":"https:\/\/www.sanatoriosanjorge.com.ar\/wordpress\/obras-sociales-osef\/","title":{"rendered":"Obras Sociales | OSEF"},"content":{"rendered":"\n<p><\/p>\n\n\n\n<p><\/p>\n\n\n\n<h2 class=\"wp-block-heading alignwide has-text-align-center\" id=\"nuestra-historia\"><img data-recalc-dims=\"1\" loading=\"lazy\" decoding=\"async\" width=\"200\" height=\"79\" class=\"wp-image-1128\" style=\"width: 200px;\" src=\"https:\/\/i0.wp.com\/www.sanatoriosanjorge.com.ar\/wordpress\/wp-content\/uploads\/2025\/10\/OSEF.png?resize=200%2C79&#038;ssl=1\" alt=\"\"><\/h2>\n\n\n\n<div class=\"wp-block-group alignfull has-text-color has-background\" style=\"color:#675837;background-color:#203f92\"><div class=\"wp-block-group__inner-container is-layout-flow wp-block-group-is-layout-flow\">\n<div class=\"wp-block-group\"><div class=\"wp-block-group__inner-container is-layout-constrained wp-block-group-is-layout-constrained\">\n<div class=\"wp-block-columns alignwide is-layout-flex wp-container-core-columns-is-layout-9d6595d7 wp-block-columns-is-layout-flex\">\n<div class=\"wp-block-column is-layout-flow wp-block-column-is-layout-flow\" style=\"flex-basis:85%\">\n<h2 class=\"wp-block-heading has-white-color has-text-color\" id=\"area-medica\">Bienvenidos, afiliados de OSEF<\/h2>\n\n\n\n<h5 class=\"wp-block-heading has-white-color has-text-color\" id=\"area-medica\"><strong>En Cl\u00ednica San Jorge pod\u00e9s acceder a una atenci\u00f3n de calidad, con especialistas y servicios preparados para acompa\u00f1arte en cada etapa de tu cuidado.<\/strong><\/h5>\n\n\n\n<div class=\"wp-block-buttons is-layout-flex wp-block-buttons-is-layout-flex\">\n<div class=\"wp-block-button is-style-fill\"><a class=\"wp-block-button__link has-white-color has-text-color has-background wp-element-button\" href=\"http:\/\/wa.me\/5492901422635\" style=\"background-color:#1fbc75\">\u00a1Sac\u00e1 tu turno online!<\/a><\/div>\n<\/div>\n<\/div>\n<\/div>\n<\/div><\/div>\n<\/div><\/div>\n\n\n\n<p><\/p>\n\n\n\n<p><\/p>\n\n\n\n<p><\/p>\n","protected":false},"excerpt":{"rendered":"<p>Bienvenidos, afiliados de OSEF En Cl\u00ednica San Jorge pod\u00e9s acceder a una atenci\u00f3n de calidad, con especialistas y servicios preparados para acompa\u00f1arte en cada etapa de tu cuidado.<\/p>\n","protected":false},"author":2,"featured_media":0,"parent":0,"menu_order":0,"comment_status":"closed","ping_status":"closed","template":"page_no-title.php","meta":{"_uag_custom_page_level_css":"","footnotes":""},"class_list":["post-1127","page","type-page","status-publish","hentry"],"yoast_head":"<!-- This site is optimized with the Yoast SEO plugin v27.3 - https:\/\/yoast.com\/product\/yoast-seo-wordpress\/ -->\n<title>Obras Sociales | OSEF - Cl\u00ednica San Jorge<\/title>\n<meta name=\"robots\" content=\"index, follow, max-snippet:-1, max-image-preview:large, max-video-preview:-1\" \/>\n<link rel=\"canonical\" href=\"https:\/\/www.sanatoriosanjorge.com.ar\/wordpress\/obras-sociales-osef\/\" \/>\n<meta property=\"og:locale\" content=\"es_ES\" \/>\n<meta property=\"og:type\" content=\"article\" \/>\n<meta property=\"og:title\" content=\"Obras Sociales | OSEF - Cl\u00ednica San Jorge\" \/>\n<meta property=\"og:description\" content=\"Bienvenidos, afiliados de OSEF En Cl\u00ednica San Jorge pod\u00e9s acceder a una atenci\u00f3n de calidad, con especialistas y servicios preparados para acompa\u00f1arte en cada etapa de tu cuidado.\" \/>\n<meta property=\"og:url\" content=\"https:\/\/www.sanatoriosanjorge.com.ar\/wordpress\/obras-sociales-osef\/\" \/>\n<meta property=\"og:site_name\" content=\"Cl\u00ednica San Jorge\" \/>\n<meta property=\"article:publisher\" content=\"https:\/\/www.facebook.com\/clinica.sanjorge\" \/>\n<meta property=\"article:modified_time\" content=\"2025-10-20T13:00:34+00:00\" \/>\n<meta property=\"og:image\" content=\"https:\/\/www.sanatoriosanjorge.com.ar\/wordpress\/wp-content\/uploads\/2025\/10\/OSEF.png\" \/>\n<meta name=\"twitter:card\" content=\"summary_large_image\" \/>\n<meta name=\"twitter:label1\" content=\"Tiempo de lectura\" \/>\n\t<meta name=\"twitter:data1\" content=\"1 minuto\" \/>\n<script type=\"application\/ld+json\" class=\"yoast-schema-graph\">{\"@context\":\"https:\\\/\\\/schema.org\",\"@graph\":[{\"@type\":\"WebPage\",\"@id\":\"https:\\\/\\\/www.sanatoriosanjorge.com.ar\\\/wordpress\\\/obras-sociales-osef\\\/\",\"url\":\"https:\\\/\\\/www.sanatoriosanjorge.com.ar\\\/wordpress\\\/obras-sociales-osef\\\/\",\"name\":\"Obras Sociales | OSEF - Cl\u00ednica San Jorge\",\"isPartOf\":{\"@id\":\"https:\\\/\\\/www.sanatoriosanjorge.com.ar\\\/wordpress\\\/#website\"},\"primaryImageOfPage\":{\"@id\":\"https:\\\/\\\/www.sanatoriosanjorge.com.ar\\\/wordpress\\\/obras-sociales-osef\\\/#primaryimage\"},\"image\":{\"@id\":\"https:\\\/\\\/www.sanatoriosanjorge.com.ar\\\/wordpress\\\/obras-sociales-osef\\\/#primaryimage\"},\"thumbnailUrl\":\"https:\\\/\\\/www.sanatoriosanjorge.com.ar\\\/wordpress\\\/wp-content\\\/uploads\\\/2025\\\/10\\\/OSEF.png\",\"datePublished\":\"2025-10-20T13:00:31+00:00\",\"dateModified\":\"2025-10-20T13:00:34+00:00\",\"breadcrumb\":{\"@id\":\"https:\\\/\\\/www.sanatoriosanjorge.com.ar\\\/wordpress\\\/obras-sociales-osef\\\/#breadcrumb\"},\"inLanguage\":\"es-AR\",\"potentialAction\":[{\"@type\":\"ReadAction\",\"target\":[\"https:\\\/\\\/www.sanatoriosanjorge.com.ar\\\/wordpress\\\/obras-sociales-osef\\\/\"]}]},{\"@type\":\"ImageObject\",\"inLanguage\":\"es-AR\",\"@id\":\"https:\\\/\\\/www.sanatoriosanjorge.com.ar\\\/wordpress\\\/obras-sociales-osef\\\/#primaryimage\",\"url\":\"https:\\\/\\\/i0.wp.com\\\/www.sanatoriosanjorge.com.ar\\\/wordpress\\\/wp-content\\\/uploads\\\/2025\\\/10\\\/OSEF.png?fit=401%2C158&ssl=1\",\"contentUrl\":\"https:\\\/\\\/i0.wp.com\\\/www.sanatoriosanjorge.com.ar\\\/wordpress\\\/wp-content\\\/uploads\\\/2025\\\/10\\\/OSEF.png?fit=401%2C158&ssl=1\",\"width\":401,\"height\":158,\"caption\":\"OSEF\"},{\"@type\":\"BreadcrumbList\",\"@id\":\"https:\\\/\\\/www.sanatoriosanjorge.com.ar\\\/wordpress\\\/obras-sociales-osef\\\/#breadcrumb\",\"itemListElement\":[{\"@type\":\"ListItem\",\"position\":1,\"name\":\"Inicio\",\"item\":\"https:\\\/\\\/www.sanatoriosanjorge.com.ar\\\/wordpress\\\/\"},{\"@type\":\"ListItem\",\"position\":2,\"name\":\"Obras Sociales | OSEF\"}]},{\"@type\":\"WebSite\",\"@id\":\"https:\\\/\\\/www.sanatoriosanjorge.com.ar\\\/wordpress\\\/#website\",\"url\":\"https:\\\/\\\/www.sanatoriosanjorge.com.ar\\\/wordpress\\\/\",\"name\":\"Cl\u00ednica San Jorge\",\"description\":\"Sitio oficial de la Cl\u00ednica San Jorge\",\"publisher\":{\"@id\":\"https:\\\/\\\/www.sanatoriosanjorge.com.ar\\\/wordpress\\\/#organization\"},\"potentialAction\":[{\"@type\":\"SearchAction\",\"target\":{\"@type\":\"EntryPoint\",\"urlTemplate\":\"https:\\\/\\\/www.sanatoriosanjorge.com.ar\\\/wordpress\\\/?s={search_term_string}\"},\"query-input\":{\"@type\":\"PropertyValueSpecification\",\"valueRequired\":true,\"valueName\":\"search_term_string\"}}],\"inLanguage\":\"es-AR\"},{\"@type\":\"Organization\",\"@id\":\"https:\\\/\\\/www.sanatoriosanjorge.com.ar\\\/wordpress\\\/#organization\",\"name\":\"Cl\u00ednica San Jorge\",\"url\":\"https:\\\/\\\/www.sanatoriosanjorge.com.ar\\\/wordpress\\\/\",\"logo\":{\"@type\":\"ImageObject\",\"inLanguage\":\"es-AR\",\"@id\":\"https:\\\/\\\/www.sanatoriosanjorge.com.ar\\\/wordpress\\\/#\\\/schema\\\/logo\\\/image\\\/\",\"url\":\"https:\\\/\\\/www.sanatoriosanjorge.com.ar\\\/wordpress\\\/wp-content\\\/uploads\\\/2023\\\/03\\\/csj-logo-color.svg\",\"contentUrl\":\"https:\\\/\\\/www.sanatoriosanjorge.com.ar\\\/wordpress\\\/wp-content\\\/uploads\\\/2023\\\/03\\\/csj-logo-color.svg\",\"width\":1,\"height\":1,\"caption\":\"Cl\u00ednica San Jorge\"},\"image\":{\"@id\":\"https:\\\/\\\/www.sanatoriosanjorge.com.ar\\\/wordpress\\\/#\\\/schema\\\/logo\\\/image\\\/\"},\"sameAs\":[\"https:\\\/\\\/www.facebook.com\\\/clinica.sanjorge\"]}]}<\/script>\n<!-- \/ Yoast SEO plugin. -->","yoast_head_json":{"title":"Obras Sociales | OSEF - Cl\u00ednica San Jorge","robots":{"index":"index","follow":"follow","max-snippet":"max-snippet:-1","max-image-preview":"max-image-preview:large","max-video-preview":"max-video-preview:-1"},"canonical":"https:\/\/www.sanatoriosanjorge.com.ar\/wordpress\/obras-sociales-osef\/","og_locale":"es_ES","og_type":"article","og_title":"Obras Sociales | OSEF - Cl\u00ednica San Jorge","og_description":"Bienvenidos, afiliados de OSEF En Cl\u00ednica San Jorge pod\u00e9s acceder a una atenci\u00f3n de calidad, con especialistas y servicios preparados para acompa\u00f1arte en cada etapa de tu cuidado.","og_url":"https:\/\/www.sanatoriosanjorge.com.ar\/wordpress\/obras-sociales-osef\/","og_site_name":"Cl\u00ednica San Jorge","article_publisher":"https:\/\/www.facebook.com\/clinica.sanjorge","article_modified_time":"2025-10-20T13:00:34+00:00","og_image":[{"url":"https:\/\/www.sanatoriosanjorge.com.ar\/wordpress\/wp-content\/uploads\/2025\/10\/OSEF.png","type":"","width":"","height":""}],"twitter_card":"summary_large_image","twitter_misc":{"Tiempo de lectura":"1 minuto"},"schema":{"@context":"https:\/\/schema.org","@graph":[{"@type":"WebPage","@id":"https:\/\/www.sanatoriosanjorge.com.ar\/wordpress\/obras-sociales-osef\/","url":"https:\/\/www.sanatoriosanjorge.com.ar\/wordpress\/obras-sociales-osef\/","name":"Obras Sociales | OSEF - Cl\u00ednica San Jorge","isPartOf":{"@id":"https:\/\/www.sanatoriosanjorge.com.ar\/wordpress\/#website"},"primaryImageOfPage":{"@id":"https:\/\/www.sanatoriosanjorge.com.ar\/wordpress\/obras-sociales-osef\/#primaryimage"},"image":{"@id":"https:\/\/www.sanatoriosanjorge.com.ar\/wordpress\/obras-sociales-osef\/#primaryimage"},"thumbnailUrl":"https:\/\/www.sanatoriosanjorge.com.ar\/wordpress\/wp-content\/uploads\/2025\/10\/OSEF.png","datePublished":"2025-10-20T13:00:31+00:00","dateModified":"2025-10-20T13:00:34+00:00","breadcrumb":{"@id":"https:\/\/www.sanatoriosanjorge.com.ar\/wordpress\/obras-sociales-osef\/#breadcrumb"},"inLanguage":"es-AR","potentialAction":[{"@type":"ReadAction","target":["https:\/\/www.sanatoriosanjorge.com.ar\/wordpress\/obras-sociales-osef\/"]}]},{"@type":"ImageObject","inLanguage":"es-AR","@id":"https:\/\/www.sanatoriosanjorge.com.ar\/wordpress\/obras-sociales-osef\/#primaryimage","url":"https:\/\/i0.wp.com\/www.sanatoriosanjorge.com.ar\/wordpress\/wp-content\/uploads\/2025\/10\/OSEF.png?fit=401%2C158&ssl=1","contentUrl":"https:\/\/i0.wp.com\/www.sanatoriosanjorge.com.ar\/wordpress\/wp-content\/uploads\/2025\/10\/OSEF.png?fit=401%2C158&ssl=1","width":401,"height":158,"caption":"OSEF"},{"@type":"BreadcrumbList","@id":"https:\/\/www.sanatoriosanjorge.com.ar\/wordpress\/obras-sociales-osef\/#breadcrumb","itemListElement":[{"@type":"ListItem","position":1,"name":"Inicio","item":"https:\/\/www.sanatoriosanjorge.com.ar\/wordpress\/"},{"@type":"ListItem","position":2,"name":"Obras Sociales | OSEF"}]},{"@type":"WebSite","@id":"https:\/\/www.sanatoriosanjorge.com.ar\/wordpress\/#website","url":"https:\/\/www.sanatoriosanjorge.com.ar\/wordpress\/","name":"Cl\u00ednica San Jorge","description":"Sitio oficial de la Cl\u00ednica San Jorge","publisher":{"@id":"https:\/\/www.sanatoriosanjorge.com.ar\/wordpress\/#organization"},"potentialAction":[{"@type":"SearchAction","target":{"@type":"EntryPoint","urlTemplate":"https:\/\/www.sanatoriosanjorge.com.ar\/wordpress\/?s={search_term_string}"},"query-input":{"@type":"PropertyValueSpecification","valueRequired":true,"valueName":"search_term_string"}}],"inLanguage":"es-AR"},{"@type":"Organization","@id":"https:\/\/www.sanatoriosanjorge.com.ar\/wordpress\/#organization","name":"Cl\u00ednica San Jorge","url":"https:\/\/www.sanatoriosanjorge.com.ar\/wordpress\/","logo":{"@type":"ImageObject","inLanguage":"es-AR","@id":"https:\/\/www.sanatoriosanjorge.com.ar\/wordpress\/#\/schema\/logo\/image\/","url":"https:\/\/www.sanatoriosanjorge.com.ar\/wordpress\/wp-content\/uploads\/2023\/03\/csj-logo-color.svg","contentUrl":"https:\/\/www.sanatoriosanjorge.com.ar\/wordpress\/wp-content\/uploads\/2023\/03\/csj-logo-color.svg","width":1,"height":1,"caption":"Cl\u00ednica San Jorge"},"image":{"@id":"https:\/\/www.sanatoriosanjorge.com.ar\/wordpress\/#\/schema\/logo\/image\/"},"sameAs":["https:\/\/www.facebook.com\/clinica.sanjorge"]}]}},"uagb_featured_image_src":{"full":false,"thumbnail":false,"medium":false,"medium_large":false,"large":false,"1536x1536":false,"2048x2048":false},"uagb_author_info":{"display_name":"Andr\u00e9s Tebar","author_link":"https:\/\/www.sanatoriosanjorge.com.ar\/wordpress\/author\/andrestebar\/"},"uagb_comment_info":0,"uagb_excerpt":"Bienvenidos, afiliados de OSEF En Cl\u00ednica San Jorge pod\u00e9s acceder a una atenci\u00f3n de calidad, con especialistas y servicios preparados para acompa\u00f1arte en cada etapa de tu cuidado.","jetpack-related-posts":[{"id":1131,"url":"https:\/\/www.sanatoriosanjorge.com.ar\/wordpress\/obras_sociales\/","url_meta":{"origin":1127,"position":0},"title":"Obras Sociales","author":"Andr\u00e9s Tebar","date":"30 octubre, 2025","format":false,"excerpt":"Obras Sociales y Prepagas en Cl\u00ednica San Jorge Casi 50 a\u00f1os cuidando tu salud, ahora tambi\u00e9n en R\u00edo Grande. En Cl\u00ednica San Jorge trabajamos con una amplia red de coberturas de salud para brindarte la mejor atenci\u00f3n.Somos el \u00fanico centro privado con tecnolog\u00eda m\u00e9dica de avanzada y la \u00fanica C\u00e1mara\u2026","rel":"","context":"Entrada similar ","block_context":{"text":"Entrada similar ","link":""},"img":{"alt_text":"","src":"","width":0,"height":0},"classes":[]},{"id":1107,"url":"https:\/\/www.sanatoriosanjorge.com.ar\/wordpress\/obras-sociales-sancor\/","url_meta":{"origin":1127,"position":1},"title":"Obras Sociales | SANCOR","author":"Andr\u00e9s Tebar","date":"17 octubre, 2025","format":false,"excerpt":"Bienvenidos, afiliados de SANCOR En Cl\u00ednica San Jorge pod\u00e9s acceder a una atenci\u00f3n de calidad, con especialistas y servicios preparados para acompa\u00f1arte en cada etapa de tu cuidado. \u00a1Sac\u00e1 tu turno online!","rel":"","context":"Entrada similar ","block_context":{"text":"Entrada similar ","link":""},"img":{"alt_text":"","src":"","width":0,"height":0},"classes":[]},{"id":1095,"url":"https:\/\/www.sanatoriosanjorge.com.ar\/wordpress\/obras-sociales-osde\/","url_meta":{"origin":1127,"position":2},"title":"Obras Sociales | OSDE","author":"Andr\u00e9s Tebar","date":"17 octubre, 2025","format":false,"excerpt":"Bienvenidos, afiliados de OSDE En Cl\u00ednica San Jorge pod\u00e9s acceder a una atenci\u00f3n de calidad, con especialistas y servicios preparados para acompa\u00f1arte en cada etapa de tu cuidado. \u00a1Sac\u00e1 tu turno online!","rel":"","context":"Entrada similar ","block_context":{"text":"Entrada similar ","link":""},"img":{"alt_text":"","src":"","width":0,"height":0},"classes":[]},{"id":1118,"url":"https:\/\/www.sanatoriosanjorge.com.ar\/wordpress\/obras-sociales-pami\/","url_meta":{"origin":1127,"position":3},"title":"Obras Sociales | PAMI","author":"Andr\u00e9s Tebar","date":"20 octubre, 2025","format":false,"excerpt":"Bienvenidos, afiliados de PAMI En Cl\u00ednica San Jorge pod\u00e9s acceder a una atenci\u00f3n de calidad, con especialistas y servicios preparados para acompa\u00f1arte en cada etapa de tu cuidado. \u00a1Sac\u00e1 tu turno online!","rel":"","context":"Entrada similar ","block_context":{"text":"Entrada similar ","link":""},"img":{"alt_text":"","src":"","width":0,"height":0},"classes":[]},{"id":1124,"url":"https:\/\/www.sanatoriosanjorge.com.ar\/wordpress\/obras-sociales-medife\/","url_meta":{"origin":1127,"position":4},"title":"Obras Sociales | MEDIF\u00c9","author":"Andr\u00e9s Tebar","date":"20 octubre, 2025","format":false,"excerpt":"Bienvenidos, afiliados de MEDIF\u00c9 En Cl\u00ednica San Jorge pod\u00e9s acceder a una atenci\u00f3n de calidad, con especialistas y servicios preparados para acompa\u00f1arte en cada etapa de tu cuidado. \u00a1Sac\u00e1 tu turno online!","rel":"","context":"Entrada similar ","block_context":{"text":"Entrada similar ","link":""},"img":{"alt_text":"","src":"","width":0,"height":0},"classes":[]},{"id":1121,"url":"https:\/\/www.sanatoriosanjorge.com.ar\/wordpress\/obras-sociales-swiss-medical\/","url_meta":{"origin":1127,"position":5},"title":"Obras Sociales | SWISS MEDICAL","author":"Andr\u00e9s Tebar","date":"20 octubre, 2025","format":false,"excerpt":"Bienvenidos, afiliados de SWISS MEDICAL En Cl\u00ednica San Jorge pod\u00e9s acceder a una atenci\u00f3n de calidad, con especialistas y servicios preparados para acompa\u00f1arte en cada etapa de tu cuidado. \u00a1Sac\u00e1 tu turno online!","rel":"","context":"Entrada similar ","block_context":{"text":"Entrada similar ","link":""},"img":{"alt_text":"","src":"","width":0,"height":0},"classes":[]}],"jetpack_sharing_enabled":true,"_links":{"self":[{"href":"https:\/\/www.sanatoriosanjorge.com.ar\/wordpress\/wp-json\/wp\/v2\/pages\/1127","targetHints":{"allow":["GET"]}}],"collection":[{"href":"https:\/\/www.sanatoriosanjorge.com.ar\/wordpress\/wp-json\/wp\/v2\/pages"}],"about":[{"href":"https:\/\/www.sanatoriosanjorge.com.ar\/wordpress\/wp-json\/wp\/v2\/types\/page"}],"author":[{"embeddable":true,"href":"https:\/\/www.sanatoriosanjorge.com.ar\/wordpress\/wp-json\/wp\/v2\/users\/2"}],"replies":[{"embeddable":true,"href":"https:\/\/www.sanatoriosanjorge.com.ar\/wordpress\/wp-json\/wp\/v2\/comments?post=1127"}],"version-history":[{"count":1,"href":"https:\/\/www.sanatoriosanjorge.com.ar\/wordpress\/wp-json\/wp\/v2\/pages\/1127\/revisions"}],"predecessor-version":[{"id":1129,"href":"https:\/\/www.sanatoriosanjorge.com.ar\/wordpress\/wp-json\/wp\/v2\/pages\/1127\/revisions\/1129"}],"wp:attachment":[{"href":"https:\/\/www.sanatoriosanjorge.com.ar\/wordpress\/wp-json\/wp\/v2\/media?parent=1127"}],"curies":[{"name":"wp","href":"https:\/\/api.w.org\/{rel}","templated":true}]}}